*q + 5915 = -1561. Calculate the remainder when q is divided by w(-2).
20
What is the remainder when (-18)/12 + 7/2 - -579 is divided by 179?
44
Suppose 0 = 3*t - 3*w + 3, 42 - 19 = t + 2*w. What is the remainder when 5498 is divided by t?
3
Suppose -3*m - w + 18 = 2*w, 4*w = 4*m - 24. Suppose 312*g = 313*g + 3*a - 5, -3*a = 2*g - 16. Calculate the remainder when g is divided by m.
5
What is the remainder when 411 is divided by 2 - 8/6 - -248*14/84?
33
Let u = -211 + 374. Suppose -u - 89 = 4*a. Let q = -32 - a. Calculate the remainder when 121 is divided by q.
28
Suppose 0 = -5*u + 6*u - s - 14, 0 = s - 1. Suppose u*p + v + 78 = 19*p, -2*v = -2*p + 42. Calculate the remainder when p is divided by 4.
3
Let r be 3696/(-15) - 14/(-35). Let m = 268 + r. Calculate the remainder when 415 is divided by m.
19
Calculate the remainder when (-482)/(-2)*-8*(-16)/128 is divided by 51.
37
Suppose -12*h + 8*h = -88. Let m = -55 - -77. Suppose 27*f = m*f + 45. Calculate the remainder when h is divided by f.
4
Suppose -2*n = 5*f + 168 + 260, f - 4*n = -68. What is the remainder when (6/(-2))/(f/2464) is divided by 9?
7
Suppose -4*i - 644 = -4*y, 3*i + y = -478 - 13. Let f = 216 + i. Calculate the remainder when 87 is divided by f.
34
What is the remainder when -60*(-75)/180 - -954 is divided by 29?
22
Let y = -767 - -785. Let x = 186 + -120. Suppose 7*d - 5*d - x = 0. What is the remainder when d is divided by y?
15
Let n be (-2)/3 + (-408)/9. Let q(t) = -21*t - 7. Let r be q(-3). Let g = r + n. Calculate the remainder when g is divided by 2.
0
What is the remainder when -1 - (11 + -4) - (-2 + -787) is divided by 7?
4
Suppose c + 4*l - 12622 = 0, -11773 = -c + 3*l + 877. Calculate the remainder when c is divided by 160.
158
Let j = -3756 - -3882. Calculate the remainder when 368 is divided by j.
116
Let m be 11 + (1 - 6) - 183. Let g = m + 248. Calculate the remainder when 282 is divided by g.
69
Suppose 4896 = -168*t + 109*t + 95*t. Calculate the remainder when t is divided by 35.
31
Let l(v) = -225*v + 1718. What is the remainder when l(6) is divided by 102?
62
Suppose -9*q = -3797 - 4240. Suppose -u + 0*u = 3*a - q, -321 = -a - 5*u. What is the remainder when a is divided by 11?
10
Suppose -h = 5*w - 1758 - 173, -w = -5*h - 407. Suppose 0 = 3*u + 3*k - 5*k - w, 5*k = 15. Calculate the remainder when u is divided by 23.
16
Calculate the remainder when 140 is divided by 63 + (-4)/8*8 + 5.
12
Let h(v) = v**2 + 3*v - 244. Let f = -150 - -132. Calculate the remainder when h(f) is divided by 6.
2
Suppose -3*z - 3 = -3*g, -2*g + 0*z + 2 = -3*z. Suppose 4*r = -g + 93. What is the remainder when 43 is divided by r?
20
Let r(l) = -l + 40. Let b(v) = 3*v - 38. Let o(i) = 3*b(i) + 4*r(i). What is the remainder when o(-5) is divided by 19?
2
Suppose -4*o + 36 = 12. Suppose -57*a + 3782 - 307 = -1940. Calculate the remainder when a is divided by o.
5
Let w(v) = v + 12. Let r(d) be the first derivative of -17*d**2/2 + 190*d - 81. What is the remainder when w(0) is divided by r(11)?
0
Let v = 103 - 98. Let a be -1 + 1 - ((-472 - v) + 0). Suppose 7*d = a + 97. What is the remainder when d is divided by 28?
26
Suppose f + 120 = 5*x, -141*x - 4*f - 43 = -142*x. What is the remainder when 6368 is divided by x?
20
Let l = 162 - 93. Suppose 4*u - 2*v = 33 - 5, 0 = -4*u + 3*v + 26. Suppose -5*i + 82 + u = 0. Calculate the remainder when l is divided by i.
15
Suppose -3*d = -3*l - 5*l - 205, l = -d + 72. What is the remainder when d is divided by 13?
6
Suppose -2 = -4*k - 3*j, 2*j = 4*k + k - 14. Let n be ((-153)/357)/(1/7). What is the remainder when 46 is divided by k + n + (7 - 0)?
4
Suppose 3*b + 3*q = 372, 4*b = q + 415 + 86. Let o = 526 + -494. Calculate the remainder when b is divided by o.
29
Let h = -5866 - -6207. What is the remainder when h is divided by 7?
5
Let k(u) be the third derivative of -13*u**5/60 + 13*u**4/3 + 5*u**3/2 - 2*u**2 + 55*u. Calculate the remainder when 56 is divided by k(8).
11
Suppose -29*c + 20839 = 46*c + 16*c. What is the remainder when c is divided by 23?
22
Suppose -30 = 5*a - 0*a. Let l = 26 + a. Let u = 21 - l. Calculate the remainder when 2 is divided by u.
0
Suppose -5*p + 2*v = -276, 93 = 2*p - 46*v + 51*v. Calculate the remainder when 208 is divided by p.
46
Suppose -38*y = -29*y - 18. Suppose -d - 1 = y*z - 10, 3*d = -2*z + 11. Let b = 36 + -31. Calculate the remainder when b is divided by d.
0
Suppose -139 - 119 = -2*x. Let i be ((-105)/(-14))/(3 + (-7)/2). Calculate the remainder when x is divided by 33/4*(-80)/i.
41
Let u(d) = -d**3 + 86*d**2 - 11*d + 1040. Calculate the remainder when 409 is divided by u(86).
33
Let m = 1150 + -1123. Calculate the remainder when 548 is divided by m.
8
Let s = 20 + 10. Let m(f) = 219*f**2 - 4814*f + 5. What is the remainder when m(22) is divided by s?
3
Suppose 2*a + a = p + 2, 4*a - 16 = 0. Let n = p - -2. Calculate the remainder when (-80)/(-14)*(5/3 + 627/342) is divided by n.
8
Let j = -3998 - -4108. Calculate the remainder when j is divided by 28.
26
Let k = -349 + 661. Let h = -301 + k. Suppose -5*l = -2*l - 63. What is the remainder when l is divided by h?
10
Suppose 28*t + 18360 = t. Let m = t + 865. Calculate the remainder when m is divided by 38.
33
What is the remainder when 25*(8/(-44) - (-1340)/110) is divided by 73?
8
Suppose 84 = 5*x - k, -5*k = -5*x + 20 + 80. Let b(t) = -t**3 + 15*t**2 + 19*t - 41. What is the remainder when 10 is divided by b(x)?
3
Let k(h) be the third derivative of h**4/12 + 20*h**3/3 - 150*h**2. Calculate the remainder when 37 is divided by k(-19).
1
Suppose -q - 7589 = -12*z, -2*q + 14 = -0. What is the remainder when z is divided by 33?
6
Suppose -4 = h + 2*d, h - 13 = 3*d + 3. Suppose -h*x + 742 = 5*s, -5*x - 180 = -s - 20. Calculate the remainder when s is divided by 51.
48
Let p(n) = -2*n + 64 - 33 - 24. What is the remainder when 26 is divided by p(-4)?
11
Let o = -11993 + 13691. What is the remainder when o is divided by 63?
60
Let q(b) = -11*b + 2. What is the remainder when 4/((-2128)/13053)*-28 is divided by q(-4)?
43
Suppose 76 = 16*c - 452. Suppose -c*u = -273 - 123. Suppose -81 = -3*i - 3*n, -3*i - n = -2*n - 101. What is the remainder when i is divided by u?
8
Let c(v) = -3*v - 6. Let f be c(-6). Suppose 0 = -37*a + 1080 - 589 + 1174. What is the remainder when a is divided by (-106)/(-9) + f/54?
9
Let b = 9301 - 9288. What is the remainder when 762 is divided by b?
8
Let c(s) = -17*s**3 - s**2 - s - 1. Calculate the remainder when (3*3/(-9) + 2)*(18 + 218) is divided by c(-1).
12
Let r = -8158 - -14394. Calculate the remainder when r is divided by 8.
4
Suppose -1364 + 1404 = 5*i, -x + 4*i + 668 = 0. What is the remainder when 724 is divided by x?
24
Suppose 0 = 22*g - 212 - 536. Suppose -2*z + 3*l + 26 = -l, 2*z - g = 2*l. Calculate the remainder when (-80)/(0/3 + -1) is divided by z.
17
Let h be 0/2*(3 + -4). What is the remainder when 86 is divided by (-20)/(-1) - (3 + (-5 - h))?
20
Let k = 10387 - 10134. What is the remainder when k is divided by 61?
9
Let g = 26 - -4. Suppose z - 118 = 11*p - 10*p, 4*p = -2*z + 212. What is the remainder when z is divided by g?
24
Let d = 208 + -208. Suppose -3*l - 86 + 1046 = d. What is the remainder when l is divided by 81?
77
Let c = 4061 - 4055. Calculate the remainder when ((-168)/40)/(2/(-30)) is divided by c.
3
Let d(n) = n**3 + 2*n**2 - 3*n - 1. Let k(l) = -12*l - 46. Let x be k(-3). What is the remainder when d(3) is divided by (-82)/x + 60/(-300)?
3
Suppose -291871 = 21*y - 74*y. What is the remainder when y is divided by 10?
7
Let z(n) = -n**3 - 28*n**2 - 27*n + 17. Let l be z(-27). Suppose -268 = -5*a + l. Let f = 464 - 242. Calculate the remainder when f is divided by a.
51
Calculate the remainder when (14224/252 + 80/90)/((-8)/(-12)) is divided by 80 + 0 + (-2)/2.
7
Let l(c) = -c**3 + 7*c**2 - 16. Suppose -506 = -12*d + 741 + 649. What is the remainder when d is divided by l(6)?
18
Let s(v) = -v - 8. Let o be s(7). Let t be 9*(25/o + 2). Suppose t*w - 84 - 57 = -3*m, -3*m = w - 137. What is the remainder when m is divided by 24?
21
Let b(y) = y**3 - 4*y**2 + 3. Suppose -4*o + 350 = d + 144, 5*o - 2*d = 264. Suppose -44*g = -o*g + 128. Calculate the remainder when b(5) is divided by g.
12
Sup